*n + 25 = 2*n. Suppose -5*v + 237 - 64 = 3*x, 0 = -3*v - n*x + 107. Suppose v = 4*m - 6. What is the tens digit of m?
1
Suppose 8*d - 511 = d. What is the units digit of d?
3
Let y(w) = w - 7. Let l be y(6). Let a = l + 19. What is the units digit of a?
8
Suppose -3*t - 10*t + 1053 = 0. What is the units digit of t?
1
Suppose -5*z = 2*b - 206, 0*z + 4*z - 532 = -5*b. What is the hundreds digit of b?
1
Let a(h) = -14*h - 1. Let y(i) = -15*i - 1. Let n(r) = 2*a(r) - 3*y(r). Let x be n(1). Suppose -3*u + 15 = -x. What is the tens digit of u?
1
Let s be 14/(-8) - 3/12. Let j be 4*1*s/(-4). What is the units digit of 1*5/j*2?
5
Let q be 0/(1/2*-2). Suppose q = 5*p - 7 - 3. Suppose -31 = -k - 4*z, 3*k + 0*z + p*z = 63. What is the tens digit of k?
1
Let p be (-3 - -1)*(-9 - -8). What is the tens digit of (-17)/(-5)*(p - -3)?
1
Let x be (-21)/(-2)*(-24)/14. Let m be 2/(-8) - (-327)/12. Let h = x + m. What is the units digit of h?
9
Suppose 0 = 2*z - 0*z. Let k = 67 - 22. Suppose z = 5*s - k + 5. What is the units digit of s?
8
Suppose 0*l - 4*m + 6 = -l, 5*l + m = 12. What is the units digit of 0/(-7) - l*-1?
2
Let j(w) = 5*w + 1. Let y(u) = u. Let z be y(3). What is the tens digit of j(z)?
1
Suppose -g + 59 = -76. Suppose 0 = -3*v - 4*t + 125, 2*v = -2*v + t + g. Suppose -4*h + 30 = 2*w - 20, -3*h = w - v. What is the units digit of h?
0
Let j be (2*1)/(4/24). Let b = 18 - j. What is the units digit of b?
6
Let z(f) = f + 10. Let i be z(-5). Let j = i - 3. What is the units digit of (-2)/(0 + j/(-8))?
8
Let b = 7 + -5. Let i = -2 + b. Let l = 1 - i. What is the units digit of l?
1
Let w(s) = -s**2 - 5*s. Let l be w(-4). Let x(y) = 3*y**2 + l*y**2 + 7 - y**2 - 5*y - y**3. What is the units digit of x(5)?
7
Let s = -160 - -242. What is the tens digit of s?
8
Let t = -409 - -702. What is the hundreds digit of t?
2
Let g(d) = -19*d. What is the units digit of g(-1)?
9
Let x(f) = -2 + 0 - 6*f + 5*f. Let c be x(-6). Suppose -d + 7 = b, c*d + 3 = -5*b + 34. What is the units digit of b?
3
Suppose -3 = -5*x + 4*x. Suppose -2*o - x = -1. What is the units digit of (-3)/(o*(-9)/(-21))?
7
Let w(a) = a**3 - 7*a**2 + 7*a - 4. Let d be w(6). Let r(p) = p**2 + 4 - 2*p**d - 2 - 5*p - 2*p. What is the units digit of r(-6)?
8
Let y(r) = 2*r - 5. Let s be y(5). Suppose -a + 5*x - 9 = 2, -1 = a + s*x. Let g = a - -10. What is the units digit of g?
4
Suppose -4*d = -3*m + 16, 2*m - 17 = -2*m + d. Suppose -2*o + m*o - 12 = 0. What is the units digit of (-130)/(-18) + o/(-27)?
7
Suppose 2*a = -w + 186, 3*w = 2*a + 594 - 20. What is the hundreds digit of w?
1
Let o(h) = 2*h**2 + 4*h - 1. Let k(m) = m**3 - 2*m**2 - 3*m + 3. Let i(c) = -c**3 - 3*c**2 + 2. Let r be i(-3). Let b be k(r). What is the units digit of o(b)?
5
Let h(t) = t**3 + t**2 + 5*t + 14. What is the tens digit of h(6)?
9
Let d(i) = -2*i**3 - 3*i**2 + 3*i - 2. Let g be d(-3). Let f = -2 + g. What is the units digit of f - -1*(-2 + 3)?
5
Let h = -15 + 9. Let j be 6/4*(-8)/h. Suppose 2*r - 12 = -j*r. What is the units digit of r?
3
Let s be (-142)/6 + (-2)/(-3). Let r = -4 - s. Let y = -12 + r. What is the units digit of y?
7
Suppose -5*i = -25, -4*d + 3*i + 159 = -d. What is the units digit of d?
8
Let t = 102 + 1. What is the units digit of t?
3
Let j = 6 + 0. Let w(n) = -n**2 + 7*n - 5. What is the units digit of w(j)?
1
Suppose 4*m - 500 = -7*a + 3*a, -4*a + 497 = 5*m. What is the units digit of a?
8
Let b(k) = k - 5. Let x(i) = -4. Let l(a) = -3*b(a) + 2*x(a). Let m be l(5). Let u(d) = -d**3 - 7*d**2 + 5*d - 2. What is the tens digit of u(m)?
2
Let j(o) = 5*o + 5*o - 12*o - 1. Let f be j(-2). Suppose -5*s + 30 = 5*t, f*s = s - 5*t + 27. What is the units digit of s?
1
Let x(w) = w**2 - 4*w. Let f be x(7). Suppose -t + 1 + f = 0. What is the tens digit of t?
2
Let n(t) = t**3 + 10*t**2 - 15*t + 2. Let l be n(-11). Suppose -4*k + 103 - 15 = 4*j, 0 = -k + 5*j + l. What is the units digit of k?
6
Let p(d) = -d**2 + 4*d + 3. Let w be p(5). Let q be (w/6)/((-1)/39). Suppose -l = 4*n - q, -2*l + 2 + 6 = -n. What is the units digit of n?
2
Suppose 2*y - 275 = y. What is the units digit of y?
5
Let b(x) = x**2. Let l(w) = -11*w + w**2 - 9*w**2 + 10*w. Let r(s) = -4*b(s) - l(s). What is the units digit of r(-2)?
4
Let g = 7 + -5. What is the units digit of (-3)/3*g - -7?
5
Let f(i) = 19*i**2 + 2*i - 6. What is the units digit of f(2)?
4
Let m be 2/(-4) - (-3)/6. What is the tens digit of (16 - m) + (6 - 8)?
1
Suppose -2*r + 0*w + 469 = w, 3*r + 2*w - 701 = 0. What is the hundreds digit of r?
2
Suppose 0 = -w + 15 - 10. Suppose 255 = -0*f + w*f. What is the tens digit of f?
5
Suppose -84 - 76 = -5*x. What is the tens digit of x?
3
Suppose -7 = 7*j - 49. Suppose -4*o = 5*z + 7, 15 = -4*z + 2*o - 1. What is the tens digit of j/(-9) + (-47)/z?
1
Suppose b = -4*a + a - 10, -10 = -3*b + a. Suppose -b*t = t - 96. What is the tens digit of t?
3
What is the tens digit of (-422)/(-10) + (-4)/20?
4
Let d be (-2)/6*0 - -14. Suppose 0 = -3*p + 2*p + 26. Let k = p - d. What is the tens digit of k?
1
Let h be ((-8)/(-10))/((-2)/(-10)). Let l = 108 - 64. Suppose 0 = h*k - l - 12. What is the tens digit of k?
1
Let f be ((-1)/(-3))/(2/24). Suppose -t - 8 = -h, 3*h - f = 3*t - 4*t. Let r(n) = n**3 - 4*n**2 + 2*n + 4. What is the units digit of r(h)?
1
Suppose -3*g + 84 = -g. What is the units digit of g?
2
What is the tens digit of (-4516)/(-24) - (0 - 2)/(-12)?
8
Let s(t) = 9*t**2 + 8*t - 6. What is the tens digit of s(-6)?
7
What is the units digit of -9*(4/12 + -1)?
6
Let d = -3 - 3. Let v(x) = -x**2 - 7*x + 1. What is the units digit of v(d)?
7
Suppose 4*p = -0 - 16. Let y(d) = -5*d + 1. Let l be y(p). What is the units digit of 0 + l/3 + -1?
6
Let j(t) = 6*t**2. Let l be j(-1). Suppose -50 + l = -4*r. Let y = 18 - r. What is the units digit of y?
7
Suppose -5*h = -6*h + 3. Suppose -c + h = -2. What is the units digit of c?
5
Suppose -5*k + 3 = -47. Suppose 0 = -0*f - 2*f + k. Suppose 0 = -2*u + f*u - 9. What is the units digit of u?
3
Let r(t) = -t**2 + 5*t + 2. Let l be r(5). Suppose -24 = -l*x + 32. What is the tens digit of x?
2
Let y be (2/(-3))/((-3)/18). Suppose 0 = -5*d + 46 + 24. Suppose y*b = d + 14. What is the units digit of b?
7
Let l(i) = i**2 + 4*i + 2. Let h be l(-4). Suppose 4*a + 12 = 4*v, 0 = v - h*a - 0*a + 2. What is the units digit of v?
8
Let y(s) = s**2 + 2*s. Let v be y(-2). Let b(f) = -f**3 - f**2 + 7. What is the units digit of b(v)?
7
Suppose 379 = 3*l + 73. What is the units digit of l?
2
Let a be 20/(-16) + (-3)/(-12). What is the units digit of 2/a + (15 - 3)?
0
Let i = -445 - -646. What is the tens digit of i?
0
Let c be 3/1 + -6 + 0. What is the units digit of (4 + -5)/(c/51)?
7
Suppose -3*x + 198 = 3*m, 5*m + 0*x - 338 = -x. What is the tens digit of m?
6
Suppose -7*f - 5*j + 830 = -2*f, 0 = -f + 4*j + 176. What is the hundreds digit of f?
1
Let w = -1 - -4. Suppose 0 = -5*n + 2*n + w. What is the units digit of n?
1
Let z(r) = 5*r**2 + 2*r + 1. Let n be z(-1). Suppose 2*o - 4*w = 0, -3*o + 6*w - w + n = 0. What is the units digit of o?
8
Let h = -8 + 8. Suppose h = 7*b - 2*b - 170. What is the units digit of b?
4
Let j = -3 - 0. Let n be 1/3 + (-2)/j. What is the units digit of n + (2 - (-2 + 1))?
4
Let y(r) = r + 2. Let x be y(13). Let p = x + -3. What is the tens digit of p?
1
Let r be 32/10 - (-6)/(-30). Let u = 4 + -1. Suppose -9 = -r*g + u. What is the units digit of g?
4
Let x(h) = 4*h - 5. Let s be x(4). Suppose -l = 3*c + s, 2*l - 33 = 2*c + 3*c. Suppose l*r - o - 54 = 0, r + 2*o - 11 = o. What is the tens digit of r?
1
Let m(i) = -i + 9. Let r be m(7). Suppose -r*u - b = -5*b - 12, -8 = -2*b. What is the tens digit of u?
1
Suppose -d - 576 = -4*l, 2*d + 731 = 5*l - 2*d. What is the tens digit of l?
4
Suppose 4*h = 45 - 5. Let v = h - 2. Suppose -4*b + v = -0. What is the units digit of b?
2
Let q be (-6)/21 + (-4)/(-14). Suppose q*j = -2*j + 2. Suppose 7 = 2*s - j. What is the units digit of s?
4
Let q(y) = 4*y**2 + 3*y + 4. What is the units digit of q(3)?
9
Let p(v) = 1 - 3*v + 8*v + 0. Let l be p(-3). Let a = 24 + l. What is the units digit of a?
0
What is the units digit of ((-13)/3)/((-4)/48)?
2
Suppose 3*d = 4*x + 4*d - 173, 0 = x - 4*d - 56. What is the tens digit of x?
4
Su